{"id":2468,"date":"2025-08-25T23:21:28","date_gmt":"2025-08-25T21:21:28","guid":{"rendered":"https:\/\/afabonavista.es\/?page_id=2468"},"modified":"2025-10-09T16:21:43","modified_gmt":"2025-10-09T14:21:43","slug":"matinera","status":"publish","type":"page","link":"https:\/\/afabonavista.es\/val\/matinera\/","title":{"rendered":"MATINERA"},"content":{"rendered":"<figure class=\"wp-block-image size-large\"><img loading=\"lazy\" decoding=\"async\" width=\"1024\" height=\"35\" src=\"https:\/\/afabonavista.es\/wp-content\/uploads\/2025\/08\/white_space-1024x35.jpg\" alt=\"\" class=\"wp-image-2429\" srcset=\"https:\/\/afabonavista.es\/wp-content\/uploads\/2025\/08\/white_space-1024x35.jpg 1024w, https:\/\/afabonavista.es\/wp-content\/uploads\/2025\/08\/white_space-300x10.jpg 300w, https:\/\/afabonavista.es\/wp-content\/uploads\/2025\/08\/white_space-768x26.jpg 768w, https:\/\/afabonavista.es\/wp-content\/uploads\/2025\/08\/white_space-1320x45.jpg 1320w, https:\/\/afabonavista.es\/wp-content\/uploads\/2025\/08\/white_space-600x21.jpg 600w, https:\/\/afabonavista.es\/wp-content\/uploads\/2025\/08\/white_space.jpg 1456w\" sizes=\"auto, (max-width: 1024px) 100vw, 1024px\" \/><\/figure>\n\n\n\n<div class=\"wp-block-uagb-advanced-heading uagb-block-aa8f8a97\"><h2 class=\"uagb-heading-text\">Matinera<\/h2><\/div>\n\n\n\n<figure class=\"wp-block-image size-large\"><img loading=\"lazy\" decoding=\"async\" width=\"1024\" height=\"35\" src=\"https:\/\/afabonavista.es\/wp-content\/uploads\/2025\/08\/white_space-1024x35.jpg\" alt=\"\" class=\"wp-image-2429\" srcset=\"https:\/\/afabonavista.es\/wp-content\/uploads\/2025\/08\/white_space-1024x35.jpg 1024w, https:\/\/afabonavista.es\/wp-content\/uploads\/2025\/08\/white_space-300x10.jpg 300w, https:\/\/afabonavista.es\/wp-content\/uploads\/2025\/08\/white_space-768x26.jpg 768w, https:\/\/afabonavista.es\/wp-content\/uploads\/2025\/08\/white_space-1320x45.jpg 1320w, https:\/\/afabonavista.es\/wp-content\/uploads\/2025\/08\/white_space-600x21.jpg 600w, https:\/\/afabonavista.es\/wp-content\/uploads\/2025\/08\/white_space.jpg 1456w\" sizes=\"auto, (max-width: 1024px) 100vw, 1024px\" \/><\/figure>\n\n\n\n<p>La <strong>Escola Matinera<\/strong> \u00e9s un servei oferit pel Ajuntament d\u2019Alaqu\u00e0s per a la conciliaci\u00f3 laboral., dirigit a les fam\u00edlies. <\/p>\n\n\n\n<p>L'horari \u00e9s de<strong> <\/strong>7:00h. a 9.00 h. del mat\u00ed.<\/p>\n\n\n\n<div class=\"wp-block-uagb-image uagb-block-f5311c24 wp-block-uagb-image--layout-default wp-block-uagb-image--effect-static wp-block-uagb-image--align-none\"><figure class=\"wp-block-uagb-image__figure\"><img decoding=\"async\" srcset=\"https:\/\/afabonavista.es\/wp-content\/uploads\/2025\/09\/27082025matinera_Form_10.jpg ,https:\/\/afabonavista.es\/wp-content\/uploads\/2025\/09\/27082025matinera_Form_10.jpg 780w, https:\/\/afabonavista.es\/wp-content\/uploads\/2025\/09\/27082025matinera_Form_10.jpg 360w\" sizes=\"auto, (max-width: 480px) 150px\" src=\"https:\/\/afabonavista.es\/wp-content\/uploads\/2025\/09\/27082025matinera_Form_10.jpg\" alt=\"\" class=\"uag-image-3513\" width=\"711\" height=\"1000\" title=\"27082025matinera_Form_10\" loading=\"lazy\" role=\"img\"\/><\/figure><\/div>\n\n\n\n<p><\/p>\n\n\n\n<p>Per a fer \u00fas de la Escola Matinera \u00e9s necessari inscriure's pr\u00e8viament a l'ajuntament. <\/p>\n\n\n\n<p>Contacte: 96 151 94 01<\/p>\n\n\n\n<p>M\u00e9s informaci\u00f3 per a la inscripci\u00f3: <\/p>\n\n\n\n<p><a href=\"https:\/\/alaquas.sedelectronica.es\/?x=15AWziyanrjkQnslJVml4wlfwj-7QvTMRQ5fxwnQ5zYlcJGUbvu3Nw1560VNt1yJahJ3Y6p50gQPeihQWfl5dw8aOkF-IFOc4vp0wyi5EyjOiOs854ynxK-QNZgDU50L5X57xpFERggAnxMCdwkwOGzFOkTiKYIayrSPSVofpEenTegdpDXe5dgWinYpHGmI3ABZEWT4NY6D4*2XcryQ\">https:\/\/alaquas.sedelectronica.es\/?x=15AWziyanrjkQnslJVml4wlfwj-7QvTMRQ5fxwnQ5zYlcJGUbvu3Nw1560VNt1yJahJ3Y6p50gQPeihQWfl5dw8aOkF-IFOc4vp0wyi5EyjOiOs854ynxK-QNZgDU50L5X57xpFERggAnxMCdwkwOGzFOkTiKYIayrSPSVofpEenTegdpDXe5dgWinYpHGmI3ABZEWT4NY6D4*2XcryQ<\/a><\/p>\n\n\n\n<p><\/p>","protected":false},"excerpt":{"rendered":"<p>Matinera La Escola Matinera es un servicio ofrecido por el Ajuntament d&#8217;Alaqu\u00e0s para la conciliaci\u00f3n laboral., dirigido a las familias. El horario es de 7:00h. a 9:00 h. de la ma\u00f1ana. Para hacer uso de la Escola Matinera es necesario inscribirse previamente en el ayuntamiento. Contacto: 96 151 94 01 M\u00e1s informaci\u00f3n para la inscripci\u00f3n: [&hellip;]<\/p>","protected":false},"author":1,"featured_media":0,"parent":0,"menu_order":0,"comment_status":"closed","ping_status":"closed","template":"","meta":{"_uag_custom_page_level_css":"","site-sidebar-layout":"default","site-content-layout":"","ast-site-content-layout":"default","site-content-style":"unboxed","site-sidebar-style":"default","ast-global-header-display":"","ast-banner-title-visibility":"","ast-main-header-display":"","ast-hfb-above-header-display":"","ast-hfb-below-header-display":"","ast-hfb-mobile-header-display":"","site-post-title":"disabled","ast-breadcrumbs-content":"","ast-featured-img":"","footer-sml-layout":"","theme-transparent-header-meta":"","adv-header-id-meta":"","stick-header-meta":"","header-above-stick-meta":"","header-main-stick-meta":"","header-below-stick-meta":"","astra-migrate-meta-layouts":"set","ast-page-background-enabled":"default","ast-page-background-meta":{"desktop":{"background-color":"","background-image":"","background-repeat":"repeat","background-position":"center center","background-size":"auto","background-attachment":"scroll","background-type":"","background-media":"","overlay-type":"","overlay-color":"","overlay-opacity":"","overlay-gradient":""},"tablet":{"background-color":"","background-image":"","background-repeat":"repeat","background-position":"center center","background-size":"auto","background-attachment":"scroll","background-type":"","background-media":"","overlay-type":"","overlay-color":"","overlay-opacity":"","overlay-gradient":""},"mobile":{"background-color":"","background-image":"","background-repeat":"repeat","background-position":"center center","background-size":"auto","background-attachment":"scroll","background-type":"","background-media":"","overlay-type":"","overlay-color":"","overlay-opacity":"","overlay-gradient":""}},"ast-content-background-meta":{"desktop":{"background-color":"var(--ast-global-color-5)","background-image":"","background-repeat":"repeat","background-position":"center center","background-size":"auto","background-attachment":"scroll","background-type":"","background-media":"","overlay-type":"","overlay-color":"","overlay-opacity":"","overlay-gradient":""},"tablet":{"background-color":"var(--ast-global-color-5)","background-image":"","background-repeat":"repeat","background-position":"center center","background-size":"auto","background-attachment":"scroll","background-type":"","background-media":"","overlay-type":"","overlay-color":"","overlay-opacity":"","overlay-gradient":""},"mobile":{"background-color":"var(--ast-global-color-5)","background-image":"","background-repeat":"repeat","background-position":"center center","background-size":"auto","background-attachment":"scroll","background-type":"","background-media":"","overlay-type":"","overlay-color":"","overlay-opacity":"","overlay-gradient":""}},"footnotes":""},"class_list":["post-2468","page","type-page","status-publish","hentry"],"aioseo_notices":[],"_hostinger_reach_plugin_has_subscription_block":false,"_hostinger_reach_plugin_is_elementor":false,"uagb_featured_image_src":{"full":false,"thumbnail":false,"medium":false,"medium_large":false,"large":false,"1536x1536":false,"2048x2048":false,"trp-custom-language-flag":false,"mailpoet_newsletter_max":false,"woocommerce_thumbnail":false,"woocommerce_single":false,"woocommerce_gallery_thumbnail":false},"uagb_author_info":{"display_name":"AFA BONAVISTA","author_link":"https:\/\/afabonavista.es\/val\/author\/osrodpegmail-com\/"},"uagb_comment_info":0,"uagb_excerpt":"Matinera La Escola Matinera es un servicio ofrecido por el Ajuntament d&#8217;Alaqu\u00e0s para la conciliaci\u00f3n laboral., dirigido a las familias. El horario es de 7:00h. a 9:00 h. de la ma\u00f1ana. Para hacer uso de la Escola Matinera es necesario inscribirse previamente en el ayuntamiento. Contacto: 96 151 94 01 M\u00e1s informaci\u00f3n para la inscripci\u00f3n:&hellip;","_links":{"self":[{"href":"https:\/\/afabonavista.es\/val\/wp-json\/wp\/v2\/pages\/2468","targetHints":{"allow":["GET"]}}],"collection":[{"href":"https:\/\/afabonavista.es\/val\/wp-json\/wp\/v2\/pages"}],"about":[{"href":"https:\/\/afabonavista.es\/val\/wp-json\/wp\/v2\/types\/page"}],"author":[{"embeddable":true,"href":"https:\/\/afabonavista.es\/val\/wp-json\/wp\/v2\/users\/1"}],"replies":[{"embeddable":true,"href":"https:\/\/afabonavista.es\/val\/wp-json\/wp\/v2\/comments?post=2468"}],"version-history":[{"count":4,"href":"https:\/\/afabonavista.es\/val\/wp-json\/wp\/v2\/pages\/2468\/revisions"}],"predecessor-version":[{"id":3860,"href":"https:\/\/afabonavista.es\/val\/wp-json\/wp\/v2\/pages\/2468\/revisions\/3860"}],"wp:attachment":[{"href":"https:\/\/afabonavista.es\/val\/wp-json\/wp\/v2\/media?parent=2468"}],"curies":[{"name":"wp","href":"https:\/\/api.w.org\/{rel}","templated":true}]}}