{"id":2465,"date":"2025-08-25T23:20:51","date_gmt":"2025-08-25T21:20:51","guid":{"rendered":"https:\/\/afabonavista.es\/?page_id=2465"},"modified":"2025-10-09T16:08:47","modified_gmt":"2025-10-09T14:08:47","slug":"libros-de-texto","status":"publish","type":"page","link":"https:\/\/afabonavista.es\/val\/libros-de-texto\/","title":{"rendered":"LLIBRES DE TEXT"},"content":{"rendered":"<figure class=\"wp-block-image size-large\"><img loading=\"lazy\" decoding=\"async\" width=\"1024\" height=\"35\" src=\"https:\/\/afabonavista.es\/wp-content\/uploads\/2025\/08\/white_space-1024x35.jpg\" alt=\"\" class=\"wp-image-2429\" srcset=\"https:\/\/afabonavista.es\/wp-content\/uploads\/2025\/08\/white_space-1024x35.jpg 1024w, https:\/\/afabonavista.es\/wp-content\/uploads\/2025\/08\/white_space-300x10.jpg 300w, https:\/\/afabonavista.es\/wp-content\/uploads\/2025\/08\/white_space-768x26.jpg 768w, https:\/\/afabonavista.es\/wp-content\/uploads\/2025\/08\/white_space-1320x45.jpg 1320w, https:\/\/afabonavista.es\/wp-content\/uploads\/2025\/08\/white_space-600x21.jpg 600w, https:\/\/afabonavista.es\/wp-content\/uploads\/2025\/08\/white_space.jpg 1456w\" sizes=\"auto, (max-width: 1024px) 100vw, 1024px\" \/><\/figure>\n\n\n\n<div class=\"wp-block-uagb-advanced-heading uagb-block-337ff71a\"><h2 class=\"uagb-heading-text\">Llibres De Text<\/h2><\/div>\n\n\n\n<figure class=\"wp-block-image size-large\"><img loading=\"lazy\" decoding=\"async\" width=\"1024\" height=\"35\" src=\"https:\/\/afabonavista.es\/wp-content\/uploads\/2025\/08\/white_space-1024x35.jpg\" alt=\"\" class=\"wp-image-2429\" srcset=\"https:\/\/afabonavista.es\/wp-content\/uploads\/2025\/08\/white_space-1024x35.jpg 1024w, https:\/\/afabonavista.es\/wp-content\/uploads\/2025\/08\/white_space-300x10.jpg 300w, https:\/\/afabonavista.es\/wp-content\/uploads\/2025\/08\/white_space-768x26.jpg 768w, https:\/\/afabonavista.es\/wp-content\/uploads\/2025\/08\/white_space-1320x45.jpg 1320w, https:\/\/afabonavista.es\/wp-content\/uploads\/2025\/08\/white_space-600x21.jpg 600w, https:\/\/afabonavista.es\/wp-content\/uploads\/2025\/08\/white_space.jpg 1456w\" sizes=\"auto, (max-width: 1024px) 100vw, 1024px\" \/><\/figure>\n\n\n\n<p>Aquests s\u00f3n els llibres per al curs escolar 2025_26 en el CEIP Bonavista. <\/p>\n\n\n\n<div data-wp-interactive=\"core\/file\" class=\"wp-block-file\"><object data-wp-bind--hidden=\"!state.hasPdfPreview\" hidden class=\"wp-block-file__embed\" data=\"https:\/\/afabonavista.es\/wp-content\/uploads\/2025\/08\/llibres-25_26.pdf\" type=\"application\/pdf\" style=\"width:100%;height:600px\" aria-label=\"Embed of llibres-25_26.\"><\/object><a id=\"wp-block-file--media-5013e5ac-0c39-49ba-87c9-dea0271ee66e\" href=\"https:\/\/afabonavista.es\/wp-content\/uploads\/2025\/08\/llibres-25_26.pdf\">llibres 25_26<\/a><a href=\"https:\/\/afabonavista.es\/wp-content\/uploads\/2025\/08\/llibres-25_26.pdf\" class=\"wp-block-file__button wp-element-button\" download aria-describedby=\"wp-block-file--media-5013e5ac-0c39-49ba-87c9-dea0271ee66e\">Desc\u00e0rrega<\/a><\/div>\n\n\n\n<div class=\"wp-block-uagb-advanced-heading uagb-block-069d3ffb\"><h2 class=\"uagb-heading-text\">Xarxa Llibres <\/h2><\/div>\n\n\n\n<p><\/p>\n\n\n\n<p><\/p>\n\n\n\n<p>El CEIP Bonavista est\u00e0 inscrit en el programa XARXA LLIBRES, dirigit a l'alumnat de centres educatius p\u00fablics i concertats de la Comunitat Valenciana, a trav\u00e9s d'un sistema de pr\u00e9stec que fomenta la reutilitzaci\u00f3 i l'estalvi familiar. <\/p>\n\n\n\n<p><\/p>\n\n\n\n<div class=\"wp-block-uagb-image uagb-block-a1216efa wp-block-uagb-image--layout-default wp-block-uagb-image--effect-static wp-block-uagb-image--align-none\"><figure class=\"wp-block-uagb-image__figure\"><img decoding=\"async\" srcset=\"https:\/\/afabonavista.es\/wp-content\/uploads\/2025\/09\/amantes-de-los-libros-en-la-pared-blanca-1024x683.jpg ,https:\/\/afabonavista.es\/wp-content\/uploads\/2025\/09\/amantes-de-los-libros-en-la-pared-blanca-scaled.jpg 780w, https:\/\/afabonavista.es\/wp-content\/uploads\/2025\/09\/amantes-de-los-libros-en-la-pared-blanca-scaled.jpg 360w\" sizes=\"auto, (max-width: 480px) 150px\" src=\"https:\/\/afabonavista.es\/wp-content\/uploads\/2025\/09\/amantes-de-los-libros-en-la-pared-blanca-1024x683.jpg\" alt=\"\" class=\"uag-image-3516\" width=\"7360\" height=\"4912\" title=\"Book lovers on white background\" loading=\"lazy\" role=\"img\"\/><\/figure><\/div>\n\n\n\n<p><\/p>\n\n\n\n<p>L'alumnat que passa d'Infantil a Prim\u00e0ria (1r) haur\u00e0 de sol\u00b7licitar la participaci\u00f3 en XarxaLlibres per a poder gaudir del Xec Llibre i no haver de pagar els llibres de text.<\/p>\n\n\n\n<p><\/p>\n\n\n\n<p><\/p>\n\n\n\n<div class=\"wp-block-uagb-advanced-heading uagb-block-32f1baf4\"><h2 class=\"uagb-heading-text\">Compra col\u00b7lectiva llibres <\/h2><\/div>\n\n\n\n<p><\/p>\n\n\n\n<p>Tots els anys l'associaci\u00f3 de fam\u00edlies ofereix la possibilitat de participar en la compra col\u00b7lectiva de llibres d'activitats no reutilitzables, que estan exempts del programa de Xarxa Lliures.  <\/p>\n\n\n\n<p>Per a aix\u00f2 has de reservar els llibres en els terminis de temps establits (juliol). Recorda que \u00e9s requisit realitzar la inscripci\u00f3\/renovaci\u00f3 de la quota com a fam\u00edlia associada a la AFA Bonavista. <\/p>\n\n\n\n<p>Les fam\u00edlies tamb\u00e9 poden comprar els llibres pel seu compte en llibreries o altres comer\u00e7os. L'avantatge de fer-ho a trav\u00e9s de l'associaci\u00f3 \u00e9s que la compra \u00e9s directa amb l'editorial i, normalment, \u00e9s m\u00e9s econ\u00f2mica. <\/p>\n\n\n\n<p><\/p>\n\n\n\n<p><\/p>","protected":false},"excerpt":{"rendered":"<p>Libros de texto Estos son los libros para el curso escolar 2025_26 en el CEIP Bonavista. Xarxa Llibres El CEIP Bonavista est\u00e1 inscrito en el programa XARXA LLIBRES, dirigido al alumnado de centros educativos p\u00fablicos y concertados de la Comunitat Valenciana, a trav\u00e9s de un sistema de pr\u00e9stamo que fomenta la reutilizaci\u00f3n y el ahorro [&hellip;]<\/p>","protected":false},"author":1,"featured_media":0,"parent":0,"menu_order":0,"comment_status":"closed","ping_status":"closed","template":"","meta":{"_uag_custom_page_level_css":"","site-sidebar-layout":"default","site-content-layout":"","ast-site-content-layout":"default","site-content-style":"unboxed","site-sidebar-style":"default","ast-global-header-display":"","ast-banner-title-visibility":"","ast-main-header-display":"","ast-hfb-above-header-display":"","ast-hfb-below-header-display":"","ast-hfb-mobile-header-display":"","site-post-title":"disabled","ast-breadcrumbs-content":"","ast-featured-img":"","footer-sml-layout":"","theme-transparent-header-meta":"","adv-header-id-meta":"","stick-header-meta":"","header-above-stick-meta":"","header-main-stick-meta":"","header-below-stick-meta":"","astra-migrate-meta-layouts":"set","ast-page-background-enabled":"default","ast-page-background-meta":{"desktop":{"background-color":"","background-image":"","background-repeat":"repeat","background-position":"center center","background-size":"auto","background-attachment":"scroll","background-type":"","background-media":"","overlay-type":"","overlay-color":"","overlay-opacity":"","overlay-gradient":""},"tablet":{"background-color":"","background-image":"","background-repeat":"repeat","background-position":"center center","background-size":"auto","background-attachment":"scroll","background-type":"","background-media":"","overlay-type":"","overlay-color":"","overlay-opacity":"","overlay-gradient":""},"mobile":{"background-color":"","background-image":"","background-repeat":"repeat","background-position":"center center","background-size":"auto","background-attachment":"scroll","background-type":"","background-media":"","overlay-type":"","overlay-color":"","overlay-opacity":"","overlay-gradient":""}},"ast-content-background-meta":{"desktop":{"background-color":"var(--ast-global-color-5)","background-image":"","background-repeat":"repeat","background-position":"center center","background-size":"auto","background-attachment":"scroll","background-type":"","background-media":"","overlay-type":"","overlay-color":"","overlay-opacity":"","overlay-gradient":""},"tablet":{"background-color":"var(--ast-global-color-5)","background-image":"","background-repeat":"repeat","background-position":"center center","background-size":"auto","background-attachment":"scroll","background-type":"","background-media":"","overlay-type":"","overlay-color":"","overlay-opacity":"","overlay-gradient":""},"mobile":{"background-color":"var(--ast-global-color-5)","background-image":"","background-repeat":"repeat","background-position":"center center","background-size":"auto","background-attachment":"scroll","background-type":"","background-media":"","overlay-type":"","overlay-color":"","overlay-opacity":"","overlay-gradient":""}},"footnotes":""},"class_list":["post-2465","page","type-page","status-publish","hentry"],"aioseo_notices":[],"_hostinger_reach_plugin_has_subscription_block":false,"_hostinger_reach_plugin_is_elementor":false,"uagb_featured_image_src":{"full":false,"thumbnail":false,"medium":false,"medium_large":false,"large":false,"1536x1536":false,"2048x2048":false,"trp-custom-language-flag":false,"mailpoet_newsletter_max":false,"woocommerce_thumbnail":false,"woocommerce_single":false,"woocommerce_gallery_thumbnail":false},"uagb_author_info":{"display_name":"AFA BONAVISTA","author_link":"https:\/\/afabonavista.es\/val\/author\/osrodpegmail-com\/"},"uagb_comment_info":0,"uagb_excerpt":"Libros de texto Estos son los libros para el curso escolar 2025_26 en el CEIP Bonavista. Xarxa Llibres El CEIP Bonavista est\u00e1 inscrito en el programa XARXA LLIBRES, dirigido al alumnado de centros educativos p\u00fablicos y concertados de la Comunitat Valenciana, a trav\u00e9s de un sistema de pr\u00e9stamo que fomenta la reutilizaci\u00f3n y el ahorro&hellip;","_links":{"self":[{"href":"https:\/\/afabonavista.es\/val\/wp-json\/wp\/v2\/pages\/2465","targetHints":{"allow":["GET"]}}],"collection":[{"href":"https:\/\/afabonavista.es\/val\/wp-json\/wp\/v2\/pages"}],"about":[{"href":"https:\/\/afabonavista.es\/val\/wp-json\/wp\/v2\/types\/page"}],"author":[{"embeddable":true,"href":"https:\/\/afabonavista.es\/val\/wp-json\/wp\/v2\/users\/1"}],"replies":[{"embeddable":true,"href":"https:\/\/afabonavista.es\/val\/wp-json\/wp\/v2\/comments?post=2465"}],"version-history":[{"count":4,"href":"https:\/\/afabonavista.es\/val\/wp-json\/wp\/v2\/pages\/2465\/revisions"}],"predecessor-version":[{"id":3858,"href":"https:\/\/afabonavista.es\/val\/wp-json\/wp\/v2\/pages\/2465\/revisions\/3858"}],"wp:attachment":[{"href":"https:\/\/afabonavista.es\/val\/wp-json\/wp\/v2\/media?parent=2465"}],"curies":[{"name":"wp","href":"https:\/\/api.w.org\/{rel}","templated":true}]}}